{"id":130,"date":"2025-10-14T17:29:20","date_gmt":"2025-10-14T17:29:20","guid":{"rendered":"https:\/\/acobyvigneau.com\/?page_id=130"},"modified":"2025-11-22T13:06:34","modified_gmt":"2025-11-22T13:06:34","slug":"clients-particuliers-familles-entreprises-privees","status":"publish","type":"page","link":"https:\/\/acobyvigneau.com\/index.php\/clients-particuliers-familles-entreprises-privees\/","title":{"rendered":"CLIENT\u00c8LE PRIV\u00c9E &amp; SPH\u00c8RE FAMILIALE"},"content":{"rendered":"\n<div class=\"wp-block-group is-nowrap is-layout-flex wp-container-core-group-is-layout-6c531013 wp-block-group-is-layout-flex\"><div class=\"is-default-size wp-block-site-logo\"><a href=\"https:\/\/acobyvigneau.com\/\" class=\"custom-logo-link\" rel=\"home\"><img loading=\"lazy\" decoding=\"async\" width=\"612\" height=\"408\" src=\"https:\/\/acobyvigneau.com\/wp-content\/uploads\/2025\/10\/Gemini_Generated_Image_gjwvb5gjwvb5gjwv-removebg-preview.png\" class=\"custom-logo\" alt=\"A.C.O.by VIGNEAU\" srcset=\"https:\/\/acobyvigneau.com\/wp-content\/uploads\/2025\/10\/Gemini_Generated_Image_gjwvb5gjwvb5gjwv-removebg-preview.png 612w, https:\/\/acobyvigneau.com\/wp-content\/uploads\/2025\/10\/Gemini_Generated_Image_gjwvb5gjwvb5gjwv-removebg-preview-300x200.png 300w\" sizes=\"auto, (max-width: 612px) 100vw, 612px\" \/><\/a><\/div>\n\n\n<h2 class=\"wp-block-heading\"><strong>Strat\u00e9gie Priv\u00e9e et Optimisation d&rsquo;Excellence<\/strong><\/h2>\n<\/div>\n\n\n\n<hr class=\"wp-block-separator has-alpha-channel-opacity\"\/>\n\n\n\n<h4 class=\"wp-block-heading has-text-align-center\"><em>NOUS NE VENDONS RIEN, NOUS OPTIMISONS TOUT.<\/em><\/h4>\n\n\n\n<hr class=\"wp-block-separator has-alpha-channel-opacity\"\/>\n\n\n\n<p><strong><mark style=\"background-color:rgba(0, 0, 0, 0);color:#b8860b\" class=\"has-inline-color\">Conseil Priv\u00e9 &amp; Audit Confidentiel<\/mark><\/strong><\/p>\n\n\n\n<p>Notre c\u0153ur de m\u00e9tier est de transformer l&rsquo;incertitude et la complexit\u00e9 de votre quotidien en&nbsp;<strong>opportunit\u00e9s d&rsquo;\u00e9conomies, d&rsquo;efficacit\u00e9 et de s\u00e9r\u00e9nit\u00e9.<\/strong>&nbsp;Forts de plus de 20 ans d&rsquo;exp\u00e9rience dans des environnements exigeants, nous appliquons une rigueur in\u00e9gal\u00e9e pour le b\u00e9n\u00e9fice de votre gestion personnelle et professionnelle.<\/p>\n\n\n\n<p><strong><mark style=\"background-color:rgba(0, 0, 0, 0);color:#b8860b\" class=\"has-inline-color\">Votre gain imm\u00e9diat : l&rsquo;Audit Alpha de votre quotidien<\/mark><\/strong><\/p>\n\n\n\n<p>Nous proposons un&nbsp;<strong>premier \u00e9change et une \u00e9tude pr\u00e9liminaire ultra-confidentielle et personnalis\u00e9e<\/strong>&nbsp;de votre situation (comptes, patrimoine, contrats, organisation personnelle ou structurelle, etc.). L&rsquo;objectif est de d\u00e9nicher rapidement les points de friction et les d\u00e9penses inutiles que vous ne voyez plus.<\/p>\n\n\n\n<p>Gr\u00e2ce \u00e0 cet audit, nous pouvons vous apporter une clart\u00e9 imm\u00e9diate pour :<\/p>\n\n\n\n<ul class=\"wp-block-list\">\n<li><strong><mark style=\"background-color:rgba(0, 0, 0, 0);color:#b8860b\" class=\"has-inline-color\">S\u00e9curiser<\/mark> vos actifs et votre patrimoine<\/strong>&nbsp;: Analyse de la non-conformit\u00e9 et s\u00e9curisation juridique.<\/li>\n\n\n\n<li><strong><mark style=\"background-color:rgba(0, 0, 0, 0);color:#b8860b\" class=\"has-inline-color\">Maximiser<\/mark> votre efficacit\u00e9 et votre pouvoir d&rsquo;achat<\/strong>&nbsp;: Identification des \u00e9conomies potentielles sur vos contrats, assurances, cr\u00e9dits, et organisations administratives.<\/li>\n\n\n\n<li><strong><mark style=\"background-color:rgba(0, 0, 0, 0);color:#b8860b\" class=\"has-inline-color\">Structurer <\/mark>vos projets pour un succ\u00e8s durable<\/strong>&nbsp;: Mise en place de plans d&rsquo;action clairs pour les investissements futurs.<\/li>\n<\/ul>\n\n\n\n<h2 class=\"wp-block-heading has-text-align-center\"><mark style=\"background-color:rgba(0, 0, 0, 0)\" class=\"has-inline-color has-base-2-color\"><bdo lang=\"\" dir=\"ltr\"><em>L&rsquo;avantage A.C.O. : Notre R\u00e9seau d&rsquo;Experts \u00e0 votre service<\/em><\/bdo><\/mark><\/h2>\n\n\n\n<p>L&rsquo;optimisation ne s&rsquo;arr\u00eate pas au diagnostic. Pour que vos gains se concr\u00e9tisent, A.C.O. agit comme votre&nbsp;apporteur d&rsquo;affaires exclusif et confidentiel.<\/p>\n\n\n\n<p>Apr\u00e8s votre audit, nous s\u00e9lectionnons pour vous les meilleurs professionnels au sein de notre r\u00e9seau, capables de transformer nos recommandations en r\u00e9sultats. Nos partenaires,&nbsp;rigoureusement s\u00e9lectionn\u00e9s par nos soins, sont tenus par contrat aux m\u00eames exigences de&nbsp;rigueur et de confidentialit\u00e9&nbsp;que nous.<\/p>\n\n\n\n<p>Nous intervenons notamment dans les domaines suivants :<\/p>\n\n\n\n<ul class=\"wp-block-list\">\n<li><strong><mark style=\"background-color:rgba(0, 0, 0, 0);color:#b8860b\" class=\"has-inline-color\">Finance &amp; Assurance<\/mark><\/strong>&nbsp;(Cr\u00e9dit, placement, couverture patrimoniale, etc.).<\/li>\n\n\n\n<li><strong><mark style=\"background-color:rgba(0, 0, 0, 0);color:#b8860b\" class=\"has-inline-color\">Conseil Juridique<\/mark><\/strong>&nbsp;(Avocats, Notaires, structuration, etc.).<\/li>\n\n\n\n<li><mark style=\"background-color:rgba(0, 0, 0, 0);color:#b8860b\" class=\"has-inline-color\"><strong>Immobilier &amp; Construction<\/strong>&nbsp;<\/mark>(Transactions, r\u00e9novation, constructeurs, artisans qualifi\u00e9s, terrassiers, etc.).<\/li>\n\n\n\n<li><mark style=\"background-color:rgba(0, 0, 0, 0);color:#b8860b\" class=\"has-inline-color\"><strong>Services Sp\u00e9cifiques<\/strong>&nbsp;<\/mark>(Logistique, Voyage et Tourisme, etc.).<\/li>\n<\/ul>\n\n\n\n<p><strong>Principe de R\u00e9mun\u00e9ration : Un partenariat sans risque initial<\/strong><\/p>\n\n\n\n<ol class=\"wp-block-list\">\n<li><strong><mark style=\"background-color:rgba(0, 0, 0, 0);color:#b8860b\" class=\"has-inline-color\">Le premier contact et l&rsquo;\u00e9tude pr\u00e9liminaire sont enti\u00e8rement gratuits.<\/mark><\/strong>&nbsp;Nous \u00e9valuons ensemble les possibilit\u00e9s d&rsquo;optimisation.<\/li>\n\n\n\n<li><strong><mark style=\"background-color:rgba(0, 0, 0, 0);color:#b8860b\" class=\"has-inline-color\">Frais de Dossier et d&rsquo;\u00c9tude<\/mark> :<\/strong>&nbsp;Aucun frais ne sera factur\u00e9 pour l&rsquo;\u00e9laboration d\u00e9taill\u00e9e du dossier d&rsquo;\u00e9tude&nbsp;tant qu&rsquo;aucun contrat n&rsquo;est sign\u00e9.<\/li>\n\n\n\n<li><strong><mark style=\"background-color:rgba(0, 0, 0, 0);color:#b8860b\" class=\"has-inline-color\">R\u00e9mun\u00e9ration au Succ\u00e8s <\/mark>:<\/strong>&nbsp;Nos honoraires ne sont dus&nbsp;uniquement et exclusivement&nbsp;si un contrat est r\u00e9alis\u00e9 et\/ou qu&rsquo;un gain est effectivement g\u00e9n\u00e9r\u00e9 pour vous (\u00e9conomies ou optimisation concr\u00e9tis\u00e9e). Le pourcentage de r\u00e9mun\u00e9ration est d\u00e9fini ensemble, suivant la complexit\u00e9 de l&rsquo;\u00e9tude \u00e9labor\u00e9e et les services mis en \u0153uvre.<\/li>\n<\/ol>\n\n\n\n<h2 class=\"wp-block-heading has-text-align-center\"><em><mark style=\"background-color:rgba(0, 0, 0, 0)\" class=\"has-inline-color has-base-2-color\">Planifiez votre \u00c9valuation Strat\u00e9gique<\/mark><\/em><\/h2>\n\n\n\n<h3 class=\"wp-block-heading has-text-align-center\"><a href=\"https:\/\/acobyvigneau.com\/index.php\/contacts-informations\/\" data-type=\"page\" data-id=\"92\">\ud83e\udd1d\u00a0<strong>Contactez A.C.O. by VIGNEAU<\/strong>\u00a0pour un \u00e9change confidentiel et une \u00e9valuation strat\u00e9gique de vos enjeux<\/a>.<\/h3>\n\n\n\n<div class=\"wp-block-group is-vertical is-content-justification-center is-layout-flex wp-container-core-group-is-layout-838cd1cc wp-block-group-is-layout-flex\" style=\"padding-top:var(--wp--preset--spacing--40);padding-bottom:var(--wp--preset--spacing--50)\"><div class=\"is-default-size wp-block-site-logo\"><a href=\"https:\/\/acobyvigneau.com\/\" class=\"custom-logo-link\" rel=\"home\"><img loading=\"lazy\" decoding=\"async\" width=\"612\" height=\"408\" src=\"https:\/\/acobyvigneau.com\/wp-content\/uploads\/2025\/10\/Gemini_Generated_Image_gjwvb5gjwvb5gjwv-removebg-preview.png\" class=\"custom-logo\" alt=\"A.C.O.by VIGNEAU\" srcset=\"https:\/\/acobyvigneau.com\/wp-content\/uploads\/2025\/10\/Gemini_Generated_Image_gjwvb5gjwvb5gjwv-removebg-preview.png 612w, https:\/\/acobyvigneau.com\/wp-content\/uploads\/2025\/10\/Gemini_Generated_Image_gjwvb5gjwvb5gjwv-removebg-preview-300x200.png 300w\" sizes=\"auto, (max-width: 612px) 100vw, 612px\" \/><\/a><\/div>\n\n<nav class=\"has-small-font-size items-justified-center wp-block-navigation is-content-justification-center is-layout-flex wp-container-core-navigation-is-layout-a89b3969 wp-block-navigation-is-layout-flex\" aria-label=\"Clients (Particuliers, Famille, &amp; Entreprises Priv\u00e9es)\"><ul class=\"wp-block-navigation__container has-small-font-size items-justified-center wp-block-navigation has-small-font-size\"><li class=\"has-small-font-size wp-block-navigation-item wp-block-navigation-link\"><a class=\"wp-block-navigation-item__content\"  href=\"https:\/\/acobyvigneau.com\/\"><span class=\"wp-block-navigation-item__label\"><mark style=\"color:#b8860b\" class=\"has-inline-color\">Accueil<\/mark><\/span><\/a><\/li><li class=\"has-small-font-size wp-block-navigation-item wp-block-navigation-link\"><a class=\"wp-block-navigation-item__content\"  href=\"https:\/\/acobyvigneau.com\/index.php\/clients-particuliers-familles-entreprises-privees\/\"><span class=\"wp-block-navigation-item__label\"><mark style=\"color:#b8860b\" class=\"has-inline-color\">Clients (Particuliers)<\/mark><\/span><\/a><\/li><li class=\"has-small-font-size wp-block-navigation-item wp-block-navigation-link\"><a class=\"wp-block-navigation-item__content\"  href=\"https:\/\/acobyvigneau.com\/index.php\/pole-entreprises-soutien-operationnel-strategique\/\"><span class=\"wp-block-navigation-item__label\"><mark style=\"color:#b8860b\" class=\"has-inline-color\">P\u00f4le Entreprises<\/mark><\/span><\/a><\/li><li class=\"has-small-font-size wp-block-navigation-item wp-block-navigation-link\"><a class=\"wp-block-navigation-item__content\"  href=\"https:\/\/acobyvigneau.com\/index.php\/partenaires-apport-daffaires\/\"><span class=\"wp-block-navigation-item__label\"><mark style=\"color:#b8860b\" class=\"has-inline-color\">Partenaires (Apport d\u2019Affaires)<\/mark><\/span><\/a><\/li><li class=\"has-small-font-size wp-block-navigation-item wp-block-navigation-link\"><a class=\"wp-block-navigation-item__content\"  href=\"https:\/\/acobyvigneau.com\/index.php\/mentions-legales-politique-de-confidentialite\/\"><span class=\"wp-block-navigation-item__label\"><mark style=\"color:#b8860b\" class=\"has-inline-color\">Mentions L\u00e9gales &amp; Politique de Confidentialit\u00e9<\/mark><\/span><\/a><\/li><li class=\"has-small-font-size wp-block-navigation-item wp-block-navigation-link\"><a class=\"wp-block-navigation-item__content\"  href=\"https:\/\/acobyvigneau.com\/index.php\/parcours-fondateur\/\"><span class=\"wp-block-navigation-item__label\"><mark style=\"color:#b8860b\" class=\"has-inline-color\">Parcours Fondateur<\/mark><\/span><\/a><\/li><li class=\"has-small-font-size wp-block-navigation-item wp-block-navigation-link\"><a class=\"wp-block-navigation-item__content\"  href=\"https:\/\/acobyvigneau.com\/index.php\/contacts-informations\/\"><span class=\"wp-block-navigation-item__label\"><mark style=\"color:#b8860b\" class=\"has-inline-color\">Contacts &amp; Informations<\/mark><\/span><\/a><\/li><\/ul><\/nav>\n\n\n<p class=\"has-text-align-center has-secondary-color has-text-color has-link-color has-small-font-size wp-elements-899aae734cfe97fcc05e798787614bdd\"><a href=\"https:\/\/fr.wordpress.org\" rel=\"nofollow\"><mark style=\"background-color:rgba(0, 0, 0, 0)\" class=\"has-inline-color has-base-2-color\">\u00a9 2025 A.C.O. by VIGNEAU | Tous droits r\u00e9serv\u00e9s.<\/mark><\/a><\/p>\n<\/div>\n\n\n\n<p><\/p>\n","protected":false},"excerpt":{"rendered":"<p>Strat\u00e9gie Priv\u00e9e et Optimisation d&rsquo;Excellence NOUS NE VENDONS RIEN, NOUS OPTIMISONS TOUT. Conseil Priv\u00e9 &amp; Audit Confidentiel Notre c\u0153ur de m\u00e9tier est de transformer l&rsquo;incertitude et la complexit\u00e9 de votre quotidien en&nbsp;opportunit\u00e9s d&rsquo;\u00e9conomies, d&rsquo;efficacit\u00e9 et de s\u00e9r\u00e9nit\u00e9.&nbsp;Forts de plus de 20 ans d&rsquo;exp\u00e9rience dans des environnements exigeants, nous appliquons une rigueur in\u00e9gal\u00e9e pour le b\u00e9n\u00e9fice [&hellip;]<\/p>\n","protected":false},"author":1,"featured_media":0,"parent":0,"menu_order":0,"comment_status":"closed","ping_status":"closed","template":"","meta":{"footnotes":""},"class_list":["post-130","page","type-page","status-publish","hentry"],"_links":{"self":[{"href":"https:\/\/acobyvigneau.com\/index.php\/wp-json\/wp\/v2\/pages\/130","targetHints":{"allow":["GET"]}}],"collection":[{"href":"https:\/\/acobyvigneau.com\/index.php\/wp-json\/wp\/v2\/pages"}],"about":[{"href":"https:\/\/acobyvigneau.com\/index.php\/wp-json\/wp\/v2\/types\/page"}],"author":[{"embeddable":true,"href":"https:\/\/acobyvigneau.com\/index.php\/wp-json\/wp\/v2\/users\/1"}],"replies":[{"embeddable":true,"href":"https:\/\/acobyvigneau.com\/index.php\/wp-json\/wp\/v2\/comments?post=130"}],"version-history":[{"count":13,"href":"https:\/\/acobyvigneau.com\/index.php\/wp-json\/wp\/v2\/pages\/130\/revisions"}],"predecessor-version":[{"id":345,"href":"https:\/\/acobyvigneau.com\/index.php\/wp-json\/wp\/v2\/pages\/130\/revisions\/345"}],"wp:attachment":[{"href":"https:\/\/acobyvigneau.com\/index.php\/wp-json\/wp\/v2\/media?parent=130"}],"curies":[{"name":"wp","href":"https:\/\/api.w.org\/{rel}","templated":true}]}}