{"id":346,"date":"2025-11-22T13:22:23","date_gmt":"2025-11-22T13:22:23","guid":{"rendered":"https:\/\/acobyvigneau.com\/?page_id=346"},"modified":"2025-11-22T13:49:38","modified_gmt":"2025-11-22T13:49:38","slug":"pole-entreprises-soutien-operationnel-strategique","status":"publish","type":"page","link":"https:\/\/acobyvigneau.com\/index.php\/pole-entreprises-soutien-operationnel-strategique\/","title":{"rendered":"P\u00d4LE ENTREPRISES :"},"content":{"rendered":"\n<div class=\"wp-block-group is-nowrap is-layout-flex wp-container-core-group-is-layout-6c531013 wp-block-group-is-layout-flex\"><div class=\"is-default-size wp-block-site-logo\"><a href=\"https:\/\/acobyvigneau.com\/\" class=\"custom-logo-link\" rel=\"home\"><img loading=\"lazy\" decoding=\"async\" width=\"612\" height=\"408\" src=\"https:\/\/acobyvigneau.com\/wp-content\/uploads\/2025\/10\/Gemini_Generated_Image_gjwvb5gjwvb5gjwv-removebg-preview.png\" class=\"custom-logo\" alt=\"A.C.O.by VIGNEAU\" srcset=\"https:\/\/acobyvigneau.com\/wp-content\/uploads\/2025\/10\/Gemini_Generated_Image_gjwvb5gjwvb5gjwv-removebg-preview.png 612w, https:\/\/acobyvigneau.com\/wp-content\/uploads\/2025\/10\/Gemini_Generated_Image_gjwvb5gjwvb5gjwv-removebg-preview-300x200.png 300w\" sizes=\"auto, (max-width: 612px) 100vw, 612px\" \/><\/a><\/div>\n\n\n<h2 class=\"wp-block-heading\">Soutien Op\u00e9rationnel &amp; Strat\u00e9gique <\/h2>\n<\/div>\n\n\n\n<h2 class=\"wp-block-heading has-text-align-center\"><em><mark style=\"background-color:rgba(0, 0, 0, 0);color:#b8860b\" class=\"has-inline-color\">Pour les dirigeants, TPE\/PME et structures professionnelles.<\/mark><\/em><\/h2>\n\n\n\n<p class=\"has-text-align-center\"><em>Nous intervenons en support direct de votre direction. <\/em><\/p>\n\n\n\n<p class=\"has-text-align-center\"><em>Notre approche est hybride : nous savons \u00eatre&nbsp;<strong>sur le terrain<\/strong>&nbsp;pour faire, et&nbsp;<strong>en retrait<\/strong>&nbsp;pour analyser.<\/em><\/p>\n\n\n\n<p><strong><mark style=\"background-color:rgba(0, 0, 0, 0);color:#b8860b\" class=\"has-inline-color\">1. Soutien Physique &amp; Intervention Op\u00e9rationnelle (Prestation de Service)<\/mark><\/strong>&nbsp;Parce que le conseil ne suffit pas toujours, nous proposons une pr\u00e9sence physique&nbsp;<strong>directement dans vos locaux<\/strong>&nbsp;pour vous \u00e9pauler concr\u00e8tement :<\/p>\n\n\n\n<ul class=\"wp-block-list\">\n<li><mark style=\"background-color:rgba(0, 0, 0, 0);color:#b8860b\" class=\"has-inline-color\">Renfort sur site :<\/mark>&nbsp;Intervention directe pour du soutien, de la r\u00e9organisation physique d&rsquo;espaces de travail ou d&rsquo;archivage.<\/li>\n\n\n\n<li><mark style=\"background-color:rgba(0, 0, 0, 0);color:#b8860b\" class=\"has-inline-color\">Assistance terrain :<\/mark>&nbsp;Accompagnement op\u00e9rationnel lors de phases critiques (d\u00e9m\u00e9nagements, inventaires, restructurations internes, gestion de crise).<\/li>\n\n\n\n<li><mark style=\"background-color:rgba(0, 0, 0, 0);color:#b8860b\" class=\"has-inline-color\">Pilotage :<\/mark>&nbsp;Coordination physique de vos prestataires lors de travaux ou d&rsquo;\u00e9v\u00e9nements.<\/li>\n\n\n\n<li><em>Note : Cette mise \u00e0 disposition de temps, de main-d&rsquo;\u0153uvre et d&rsquo;expertise sur le terrain fait l\u2019objet d\u2019une facturation \u00e0 la prestation (sur devis).<\/em><\/li>\n<\/ul>\n\n\n\n<p><strong><mark style=\"background-color:rgba(0, 0, 0, 0);color:#b8860b\" class=\"has-inline-color\">2. Audit des Charges &amp; Optimisation (Mod\u00e8le au Succ\u00e8s)<\/mark><\/strong>&nbsp;En parall\u00e8le ou ind\u00e9pendamment du soutien physique, nous r\u00e9alisons une analyse confidentielle de vos frais g\u00e9n\u00e9raux pour d\u00e9gager de la tr\u00e9sorerie :<\/p>\n\n\n\n<ul class=\"wp-block-list\">\n<li><mark style=\"background-color:rgba(0, 0, 0, 0);color:#b8860b\" class=\"has-inline-color\">R\u00e9duction des co\u00fbts :<\/mark>&nbsp;Identification des \u00e9conomies potentielles (contrats fournisseurs, assurances, \u00e9nergie, frais bancaires).<\/li>\n\n\n\n<li><mark style=\"background-color:rgba(0, 0, 0, 0);color:#b8860b\" class=\"has-inline-color\">S\u00e9curisation :&nbsp;<\/mark>Analyse de la conformit\u00e9, des risques et des d\u00e9penses inutiles.<\/li>\n\n\n\n<li><em>Note : Pour cette partie, nous ne sommes r\u00e9mun\u00e9r\u00e9s que si vous gagnez de l&rsquo;argent.<\/em><\/li>\n<\/ul>\n\n\n\n<p><strong><mark style=\"background-color:rgba(0, 0, 0, 0);color:#b8860b\" class=\"has-inline-color\">3. Facilitation &amp; R\u00e9seau d&rsquo;Experts<\/mark><\/strong>&nbsp;A.C.O. agit comme votre interm\u00e9diaire de confiance pour structurer vos projets complexes (Juridique, BTP, Logistique) en activant notre r\u00e9seau de partenaires certifi\u00e9s.<\/p>\n\n\n\n<hr class=\"wp-block-separator has-alpha-channel-opacity\"\/>\n\n\n\n<h4 class=\"wp-block-heading has-text-align-center\"><strong>Principe de R\u00e9mun\u00e9ration : La clart\u00e9 avant tout<\/strong><\/h4>\n\n\n\n<p class=\"has-text-align-center\"><em>Nous adaptons notre mod\u00e8le \u00e9conomique selon la nature de notre intervention :<\/em><\/p>\n\n\n\n<ul class=\"wp-block-list\">\n<li><mark style=\"background-color:rgba(0, 0, 0, 0);color:#b8860b\" class=\"has-inline-color\"><strong>Pour le Soutien Physique (Le \u00ab\u00a0Faire\u00a0\u00bb) :<\/strong>&nbsp;<strong>Prestation sur Devis.<\/strong><\/mark>&nbsp;Pour les missions n\u00e9cessitant notre pr\u00e9sence et notre action dans vos locaux, nous \u00e9tablissons un devis clair en amont, bas\u00e9 sur le temps et les ressources d\u00e9ploy\u00e9es.<\/li>\n\n\n\n<li><strong><mark style=\"background-color:rgba(0, 0, 0, 0);color:#b8860b\" class=\"has-inline-color\">Pour l&rsquo;Audit et l&rsquo;Optimisation (L&rsquo;Analyse) :<\/mark><\/strong>&nbsp;<strong>R\u00e9mun\u00e9ration au Succ\u00e8s.<\/strong>&nbsp;Nos honoraires ne sont dus&nbsp;<em>uniquement et exclusivement<\/em>&nbsp;si un contrat est r\u00e9alis\u00e9 ou qu\u2019une \u00e9conomie est g\u00e9n\u00e9r\u00e9e pour vous.<\/li>\n\n\n\n<li><mark style=\"background-color:rgba(0, 0, 0, 0);color:#b8860b\" class=\"has-inline-color\">\u00c9tude pr\u00e9liminaire :&nbsp;<\/mark>Toujours gratuite.<\/li>\n<\/ul>\n\n\n\n<hr class=\"wp-block-separator has-alpha-channel-opacity\"\/>\n\n\n\n<h3 class=\"wp-block-heading has-text-align-center\"><a href=\"https:\/\/acobyvigneau.com\/index.php\/contacts-informations\/\" data-type=\"page\" data-id=\"92\">\ud83d\udcde Planifiez votre \u00c9valuation<\/a><\/h3>\n\n\n\n<p class=\"has-text-align-center\"><mark style=\"background-color:rgba(0, 0, 0, 0);color:#b8860b\" class=\"has-inline-color\"><strong>Contactez A.C.O. by VIGNEAU<\/strong>&nbsp;<\/mark>pour d\u00e9finir ensemble vos besoins : un renfort op\u00e9rationnel imm\u00e9diat ou une strat\u00e9gie d&rsquo;optimisation financi\u00e8re.<\/p>\n\n\n\n<div class=\"wp-block-group is-vertical is-content-justification-center is-layout-flex wp-container-core-group-is-layout-838cd1cc wp-block-group-is-layout-flex\" style=\"padding-top:var(--wp--preset--spacing--40);padding-bottom:var(--wp--preset--spacing--50)\"><div class=\"is-default-size wp-block-site-logo\"><a href=\"https:\/\/acobyvigneau.com\/\" class=\"custom-logo-link\" rel=\"home\"><img loading=\"lazy\" decoding=\"async\" width=\"612\" height=\"408\" src=\"https:\/\/acobyvigneau.com\/wp-content\/uploads\/2025\/10\/Gemini_Generated_Image_gjwvb5gjwvb5gjwv-removebg-preview.png\" class=\"custom-logo\" alt=\"A.C.O.by VIGNEAU\" srcset=\"https:\/\/acobyvigneau.com\/wp-content\/uploads\/2025\/10\/Gemini_Generated_Image_gjwvb5gjwvb5gjwv-removebg-preview.png 612w, https:\/\/acobyvigneau.com\/wp-content\/uploads\/2025\/10\/Gemini_Generated_Image_gjwvb5gjwvb5gjwv-removebg-preview-300x200.png 300w\" sizes=\"auto, (max-width: 612px) 100vw, 612px\" \/><\/a><\/div>\n\n<nav class=\"has-small-font-size items-justified-center wp-block-navigation is-content-justification-center is-layout-flex wp-container-core-navigation-is-layout-a89b3969 wp-block-navigation-is-layout-flex\" aria-label=\"Clients (Particuliers, Famille, &amp; Entreprises Priv\u00e9es)\"><ul class=\"wp-block-navigation__container has-small-font-size items-justified-center wp-block-navigation has-small-font-size\"><li class=\"has-small-font-size wp-block-navigation-item wp-block-navigation-link\"><a class=\"wp-block-navigation-item__content\"  href=\"https:\/\/acobyvigneau.com\/\"><span class=\"wp-block-navigation-item__label\"><mark style=\"color:#b8860b\" class=\"has-inline-color\">Accueil<\/mark><\/span><\/a><\/li><li class=\"has-small-font-size wp-block-navigation-item wp-block-navigation-link\"><a class=\"wp-block-navigation-item__content\"  href=\"https:\/\/acobyvigneau.com\/index.php\/clients-particuliers-familles-entreprises-privees\/\"><span class=\"wp-block-navigation-item__label\"><mark style=\"color:#b8860b\" class=\"has-inline-color\">Clients (Particuliers)<\/mark><\/span><\/a><\/li><li class=\"has-small-font-size wp-block-navigation-item wp-block-navigation-link\"><a class=\"wp-block-navigation-item__content\"  href=\"https:\/\/acobyvigneau.com\/index.php\/pole-entreprises-soutien-operationnel-strategique\/\"><span class=\"wp-block-navigation-item__label\"><mark style=\"color:#b8860b\" class=\"has-inline-color\">P\u00f4le Entreprises<\/mark><\/span><\/a><\/li><li class=\"has-small-font-size wp-block-navigation-item wp-block-navigation-link\"><a class=\"wp-block-navigation-item__content\"  href=\"https:\/\/acobyvigneau.com\/index.php\/partenaires-apport-daffaires\/\"><span class=\"wp-block-navigation-item__label\"><mark style=\"color:#b8860b\" class=\"has-inline-color\">Partenaires (Apport d\u2019Affaires)<\/mark><\/span><\/a><\/li><li class=\"has-small-font-size wp-block-navigation-item wp-block-navigation-link\"><a class=\"wp-block-navigation-item__content\"  href=\"https:\/\/acobyvigneau.com\/index.php\/mentions-legales-politique-de-confidentialite\/\"><span class=\"wp-block-navigation-item__label\"><mark style=\"color:#b8860b\" class=\"has-inline-color\">Mentions L\u00e9gales &amp; Politique de Confidentialit\u00e9<\/mark><\/span><\/a><\/li><li class=\"has-small-font-size wp-block-navigation-item wp-block-navigation-link\"><a class=\"wp-block-navigation-item__content\"  href=\"https:\/\/acobyvigneau.com\/index.php\/parcours-fondateur\/\"><span class=\"wp-block-navigation-item__label\"><mark style=\"color:#b8860b\" class=\"has-inline-color\">Parcours Fondateur<\/mark><\/span><\/a><\/li><li class=\"has-small-font-size wp-block-navigation-item wp-block-navigation-link\"><a class=\"wp-block-navigation-item__content\"  href=\"https:\/\/acobyvigneau.com\/index.php\/contacts-informations\/\"><span class=\"wp-block-navigation-item__label\"><mark style=\"color:#b8860b\" class=\"has-inline-color\">Contacts &amp; Informations<\/mark><\/span><\/a><\/li><\/ul><\/nav>\n\n\n<p class=\"has-text-align-center has-secondary-color has-text-color has-link-color has-small-font-size wp-elements-899aae734cfe97fcc05e798787614bdd\"><a href=\"https:\/\/fr.wordpress.org\" rel=\"nofollow\"><mark style=\"background-color:rgba(0, 0, 0, 0)\" class=\"has-inline-color has-base-2-color\">\u00a9 2025 A.C.O. by VIGNEAU | Tous droits r\u00e9serv\u00e9s.<\/mark><\/a><\/p>\n<\/div>\n","protected":false},"excerpt":{"rendered":"<p>Soutien Op\u00e9rationnel &amp; Strat\u00e9gique Pour les dirigeants, TPE\/PME et structures professionnelles. Nous intervenons en support direct de votre direction. Notre approche est hybride : nous savons \u00eatre&nbsp;sur le terrain&nbsp;pour faire, et&nbsp;en retrait&nbsp;pour analyser. 1. Soutien Physique &amp; Intervention Op\u00e9rationnelle (Prestation de Service)&nbsp;Parce que le conseil ne suffit pas toujours, nous proposons une pr\u00e9sence physique&nbsp;directement dans [&hellip;]<\/p>\n","protected":false},"author":1,"featured_media":0,"parent":0,"menu_order":0,"comment_status":"closed","ping_status":"closed","template":"","meta":{"footnotes":""},"class_list":["post-346","page","type-page","status-publish","hentry"],"_links":{"self":[{"href":"https:\/\/acobyvigneau.com\/index.php\/wp-json\/wp\/v2\/pages\/346","targetHints":{"allow":["GET"]}}],"collection":[{"href":"https:\/\/acobyvigneau.com\/index.php\/wp-json\/wp\/v2\/pages"}],"about":[{"href":"https:\/\/acobyvigneau.com\/index.php\/wp-json\/wp\/v2\/types\/page"}],"author":[{"embeddable":true,"href":"https:\/\/acobyvigneau.com\/index.php\/wp-json\/wp\/v2\/users\/1"}],"replies":[{"embeddable":true,"href":"https:\/\/acobyvigneau.com\/index.php\/wp-json\/wp\/v2\/comments?post=346"}],"version-history":[{"count":5,"href":"https:\/\/acobyvigneau.com\/index.php\/wp-json\/wp\/v2\/pages\/346\/revisions"}],"predecessor-version":[{"id":355,"href":"https:\/\/acobyvigneau.com\/index.php\/wp-json\/wp\/v2\/pages\/346\/revisions\/355"}],"wp:attachment":[{"href":"https:\/\/acobyvigneau.com\/index.php\/wp-json\/wp\/v2\/media?parent=346"}],"curies":[{"name":"wp","href":"https:\/\/api.w.org\/{rel}","templated":true}]}}