{"id":79,"date":"2025-10-10T13:12:14","date_gmt":"2025-10-10T13:12:14","guid":{"rendered":"http:\/\/acobyvigneau.com\/?page_id=79"},"modified":"2025-11-22T14:05:27","modified_gmt":"2025-11-22T14:05:27","slug":"accueil","status":"publish","type":"page","link":"https:\/\/acobyvigneau.com\/","title":{"rendered":"Accueil"},"content":{"rendered":"\n<h2 class=\"wp-block-heading alignfull aco-flip-title\"><span class=\"aco-nuit\">Bienvenue sur Alpha Conseil Optimisation<\/span> <span class=\"aco-gold\">(A.C.O.<mark style=\"background-color:rgba(0, 0, 0, 0)\" class=\"has-inline-color has-base-2-color\">by<\/mark>VIGNEAU)<\/span><\/h2>\n\n\n\n<div class=\"wp-block-group is-nowrap is-layout-flex wp-container-core-group-is-layout-6c531013 wp-block-group-is-layout-flex\">\n<figure class=\"wp-block-image size-full\"><img loading=\"lazy\" decoding=\"async\" width=\"1024\" height=\"576\" src=\"https:\/\/acobyvigneau.com\/wp-content\/uploads\/2025\/10\/Gemini_Generated_Image_p0149tp0149tp014-1-edited.png\" alt=\"\" class=\"wp-image-159\" srcset=\"https:\/\/acobyvigneau.com\/wp-content\/uploads\/2025\/10\/Gemini_Generated_Image_p0149tp0149tp014-1-edited.png 1024w, https:\/\/acobyvigneau.com\/wp-content\/uploads\/2025\/10\/Gemini_Generated_Image_p0149tp0149tp014-1-edited-300x169.png 300w, https:\/\/acobyvigneau.com\/wp-content\/uploads\/2025\/10\/Gemini_Generated_Image_p0149tp0149tp014-1-edited-768x432.png 768w\" sizes=\"auto, (max-width: 1024px) 100vw, 1024px\" \/><\/figure>\n<\/div>\n\n\n<div id=\"sliding-phrase\">\n    <span class=\"line-1\">Nous Ne Vendons Rien, Nous<\/span>\n    <span class=\"line-2\">Optimisons Tout.<\/span>\n<\/div>\n<script>\n\/\/ Le JAVASCRIPT lance l'animation apr\u00e8s 1 seconde\nwindow.onload = function() {\n    setTimeout(function() {\n        document.getElementById('sliding-phrase').classList.add('slide-in');\n    }, 1000); \n};\n<\/script>\n\n\n<h3 class=\"wp-block-heading has-text-align-center\"><strong><mark style=\"background-color:rgba(0, 0, 0, 0);color:#b8860b\" class=\"has-inline-color\">\ud83c\udfe0 P\u00d4LE PARTICULIERS &amp; GESTION FAMILIALE<\/mark><\/strong><div><strong><mark style=\"background-color:rgba(0, 0, 0, 0);color:#b8860b\" class=\"has-inline-color\"><\/mark><\/strong><\/div><\/h3>\n\n\n\n<p class=\"has-text-align-center\">Vous souhaitez un&nbsp;<strong>audit confidentiel<\/strong>&nbsp;pour d\u00e9nicher des \u00e9conomies concr\u00e8tes, s\u00e9curiser votre patrimoine ou structurer un projet complexe.<\/p>\n\n\n\n<p class=\"has-text-align-center\"><strong>Acc\u00e9dez directement \u00e0 :  <\/strong><a href=\"https:\/\/acobyvigneau.com\/index.php\/clients-particuliers-familles-entreprises-privees\/\" data-type=\"page\" data-id=\"130\"><strong>\ud83d\udc49<\/strong> <strong> Clients (Particuliers)<\/strong><\/a><\/p>\n\n\n\n<h3 class=\"wp-block-heading has-text-align-center\"><strong>\ud83c\udfe2 P\u00d4LE ENTREPRISES : SOUTIEN OP\u00c9RATIONNEL &amp; STRAT\u00c9GIQUE<\/strong><\/h3>\n\n\n\n<p class=\"has-text-align-center\">Nous intervenons en support direct pour votre entreprise. Notre approche est hybride : nous savons \u00eatre&nbsp;<strong>sur le terrain<\/strong>&nbsp;pour faire, et&nbsp;<strong>en retrait<\/strong>&nbsp;pour analyser.<\/p>\n\n\n\n<p class=\"has-text-align-center\"><strong>Acc\u00e9dez directement \u00e0 :  <\/strong><mark style=\"background-color:rgba(0, 0, 0, 0);color:#b8860b\" class=\"has-inline-color\"><strong><a href=\"https:\/\/acobyvigneau.com\/index.php\/clients-particuliers-familles-entreprises-privees\/\" data-type=\"page\" data-id=\"130\">\ud83d\udc49<\/a><\/strong><\/mark><a href=\"https:\/\/acobyvigneau.com\/index.php\/pole-entreprises-soutien-operationnel-strategique\/\" data-type=\"page\" data-id=\"346\"><strong>P\u00f4le Entreprises :<\/strong><\/a><\/p>\n\n\n\n<h3 class=\"wp-block-heading has-text-align-center\"><strong>\ud83e\udd1d P\u00d4LE PROFESSIONNELS &amp; PARTENAIRES<\/strong><\/h3>\n\n\n\n<div class=\"wp-block-group is-nowrap is-layout-flex wp-container-core-group-is-layout-6c531013 wp-block-group-is-layout-flex\">\n<p class=\"has-text-align-center\">Vous recherchez des&nbsp;<strong>dossiers qualifi\u00e9s<\/strong>&nbsp;et \u00ab\u00a0cl\u00e9s en main\u00a0\u00bb pour d\u00e9velopper votre activit\u00e9, dans le respect d&rsquo;un cadre de rigueur et de confidentialit\u00e9 strict.<\/p>\n<\/div>\n\n\n\n<p class=\"has-text-align-center\"><strong>Acc\u00e9dez directement \u00e0 : <a href=\"https:\/\/acobyvigneau.com\/index.php\/partenaires-apport-daffaires\/\" data-type=\"page\" data-id=\"131\">\ud83d\udc49  Partenaires (Apport d&rsquo;Affaires)<\/a><\/strong><\/p>\n\n\n\n<hr class=\"wp-block-separator has-alpha-channel-opacity\"\/>\n\n\n\n<p class=\"has-text-align-center\"><strong>A.C.O. by VIGNEAU : La rigueur du service d&rsquo;excellence au profit de votre gestion.<\/strong><\/p>\n\n\n\n<h3 class=\"wp-block-heading has-text-align-center\">Planifions votre \u00c9valuation Strat\u00e9gique :<\/h3>\n\n\n\n<p class=\"has-text-align-center\"><strong><a href=\"https:\/\/acobyvigneau.com\/index.php\/contacts-informations\/\" data-type=\"page\" data-id=\"92\">\ud83e\udd1d Contactez A.C.O. pour un \u00e9change confidentiel et une \u00e9valuation strat\u00e9gique de vos enjeux.<\/a><\/strong><\/p>\n\n\n\n<div class=\"wp-block-group is-vertical is-content-justification-center is-layout-flex wp-container-core-group-is-layout-838cd1cc wp-block-group-is-layout-flex\" style=\"padding-top:var(--wp--preset--spacing--40);padding-bottom:var(--wp--preset--spacing--50)\"><div class=\"is-default-size wp-block-site-logo\"><a href=\"https:\/\/acobyvigneau.com\/\" class=\"custom-logo-link\" rel=\"home\"><img loading=\"lazy\" decoding=\"async\" width=\"612\" height=\"408\" src=\"https:\/\/acobyvigneau.com\/wp-content\/uploads\/2025\/10\/Gemini_Generated_Image_gjwvb5gjwvb5gjwv-removebg-preview.png\" class=\"custom-logo\" alt=\"A.C.O.by VIGNEAU\" srcset=\"https:\/\/acobyvigneau.com\/wp-content\/uploads\/2025\/10\/Gemini_Generated_Image_gjwvb5gjwvb5gjwv-removebg-preview.png 612w, https:\/\/acobyvigneau.com\/wp-content\/uploads\/2025\/10\/Gemini_Generated_Image_gjwvb5gjwvb5gjwv-removebg-preview-300x200.png 300w\" sizes=\"auto, (max-width: 612px) 100vw, 612px\" \/><\/a><\/div>\n\n<nav class=\"has-small-font-size items-justified-center wp-block-navigation is-content-justification-center is-layout-flex wp-container-core-navigation-is-layout-a89b3969 wp-block-navigation-is-layout-flex\" aria-label=\"Clients (Particuliers, Famille, &amp; Entreprises Priv\u00e9es)\"><ul class=\"wp-block-navigation__container has-small-font-size items-justified-center wp-block-navigation has-small-font-size\"><li class=\"has-small-font-size wp-block-navigation-item wp-block-navigation-link\"><a class=\"wp-block-navigation-item__content\"  href=\"https:\/\/acobyvigneau.com\/\"><span class=\"wp-block-navigation-item__label\"><mark style=\"color:#b8860b\" class=\"has-inline-color\">Accueil<\/mark><\/span><\/a><\/li><li class=\"has-small-font-size wp-block-navigation-item wp-block-navigation-link\"><a class=\"wp-block-navigation-item__content\"  href=\"https:\/\/acobyvigneau.com\/index.php\/clients-particuliers-familles-entreprises-privees\/\"><span class=\"wp-block-navigation-item__label\"><mark style=\"color:#b8860b\" class=\"has-inline-color\">Clients (Particuliers)<\/mark><\/span><\/a><\/li><li class=\"has-small-font-size wp-block-navigation-item wp-block-navigation-link\"><a class=\"wp-block-navigation-item__content\"  href=\"https:\/\/acobyvigneau.com\/index.php\/pole-entreprises-soutien-operationnel-strategique\/\"><span class=\"wp-block-navigation-item__label\"><mark style=\"color:#b8860b\" class=\"has-inline-color\">P\u00f4le Entreprises<\/mark><\/span><\/a><\/li><li class=\"has-small-font-size wp-block-navigation-item wp-block-navigation-link\"><a class=\"wp-block-navigation-item__content\"  href=\"https:\/\/acobyvigneau.com\/index.php\/partenaires-apport-daffaires\/\"><span class=\"wp-block-navigation-item__label\"><mark style=\"color:#b8860b\" class=\"has-inline-color\">Partenaires (Apport d\u2019Affaires)<\/mark><\/span><\/a><\/li><li class=\"has-small-font-size wp-block-navigation-item wp-block-navigation-link\"><a class=\"wp-block-navigation-item__content\"  href=\"https:\/\/acobyvigneau.com\/index.php\/mentions-legales-politique-de-confidentialite\/\"><span class=\"wp-block-navigation-item__label\"><mark style=\"color:#b8860b\" class=\"has-inline-color\">Mentions L\u00e9gales &amp; Politique de Confidentialit\u00e9<\/mark><\/span><\/a><\/li><li class=\"has-small-font-size wp-block-navigation-item wp-block-navigation-link\"><a class=\"wp-block-navigation-item__content\"  href=\"https:\/\/acobyvigneau.com\/index.php\/parcours-fondateur\/\"><span class=\"wp-block-navigation-item__label\"><mark style=\"color:#b8860b\" class=\"has-inline-color\">Parcours Fondateur<\/mark><\/span><\/a><\/li><li class=\"has-small-font-size wp-block-navigation-item wp-block-navigation-link\"><a class=\"wp-block-navigation-item__content\"  href=\"https:\/\/acobyvigneau.com\/index.php\/contacts-informations\/\"><span class=\"wp-block-navigation-item__label\"><mark style=\"color:#b8860b\" class=\"has-inline-color\">Contacts &amp; Informations<\/mark><\/span><\/a><\/li><\/ul><\/nav>\n\n\n<p class=\"has-text-align-center has-secondary-color has-text-color has-link-color has-small-font-size wp-elements-899aae734cfe97fcc05e798787614bdd\"><a href=\"https:\/\/fr.wordpress.org\" rel=\"nofollow\"><mark style=\"background-color:rgba(0, 0, 0, 0)\" class=\"has-inline-color has-base-2-color\">\u00a9 2025 A.C.O. by VIGNEAU | Tous droits r\u00e9serv\u00e9s.<\/mark><\/a><\/p>\n<\/div>\n","protected":false},"excerpt":{"rendered":"<p>Bienvenue sur Alpha Conseil Optimisation (A.C.O.byVIGNEAU) Nous Ne Vendons Rien, Nous Optimisons Tout. \ud83c\udfe0 P\u00d4LE PARTICULIERS &amp; GESTION FAMILIALE Vous souhaitez un&nbsp;audit confidentiel&nbsp;pour d\u00e9nicher des \u00e9conomies concr\u00e8tes, s\u00e9curiser votre patrimoine ou structurer un projet complexe. Acc\u00e9dez directement \u00e0 : \ud83d\udc49 Clients (Particuliers) \ud83c\udfe2 P\u00d4LE ENTREPRISES : SOUTIEN OP\u00c9RATIONNEL &amp; STRAT\u00c9GIQUE Nous intervenons en support direct [&hellip;]<\/p>\n","protected":false},"author":1,"featured_media":0,"parent":0,"menu_order":0,"comment_status":"closed","ping_status":"closed","template":"","meta":{"footnotes":""},"class_list":["post-79","page","type-page","status-publish","hentry"],"_links":{"self":[{"href":"https:\/\/acobyvigneau.com\/index.php\/wp-json\/wp\/v2\/pages\/79","targetHints":{"allow":["GET"]}}],"collection":[{"href":"https:\/\/acobyvigneau.com\/index.php\/wp-json\/wp\/v2\/pages"}],"about":[{"href":"https:\/\/acobyvigneau.com\/index.php\/wp-json\/wp\/v2\/types\/page"}],"author":[{"embeddable":true,"href":"https:\/\/acobyvigneau.com\/index.php\/wp-json\/wp\/v2\/users\/1"}],"replies":[{"embeddable":true,"href":"https:\/\/acobyvigneau.com\/index.php\/wp-json\/wp\/v2\/comments?post=79"}],"version-history":[{"count":54,"href":"https:\/\/acobyvigneau.com\/index.php\/wp-json\/wp\/v2\/pages\/79\/revisions"}],"predecessor-version":[{"id":358,"href":"https:\/\/acobyvigneau.com\/index.php\/wp-json\/wp\/v2\/pages\/79\/revisions\/358"}],"wp:attachment":[{"href":"https:\/\/acobyvigneau.com\/index.php\/wp-json\/wp\/v2\/media?parent=79"}],"curies":[{"name":"wp","href":"https:\/\/api.w.org\/{rel}","templated":true}]}}