{"id":84,"date":"2025-10-10T14:33:26","date_gmt":"2025-10-10T14:33:26","guid":{"rendered":"http:\/\/acobyvigneau.com\/?page_id=84"},"modified":"2025-11-28T17:14:36","modified_gmt":"2025-11-28T17:14:36","slug":"mentions-legales-politique-de-confidentialite","status":"publish","type":"page","link":"https:\/\/acobyvigneau.com\/index.php\/mentions-legales-politique-de-confidentialite\/","title":{"rendered":"Mentions L\u00e9gales &#038; Politique de confidentialit\u00e9"},"content":{"rendered":"\n<div class=\"wp-block-group is-nowrap is-layout-flex wp-container-core-group-is-layout-6c531013 wp-block-group-is-layout-flex\"><div class=\"is-default-size wp-block-site-logo\"><a href=\"https:\/\/acobyvigneau.com\/\" class=\"custom-logo-link\" rel=\"home\"><img loading=\"lazy\" decoding=\"async\" width=\"612\" height=\"408\" src=\"https:\/\/acobyvigneau.com\/wp-content\/uploads\/2025\/10\/Gemini_Generated_Image_gjwvb5gjwvb5gjwv-removebg-preview.png\" class=\"custom-logo\" alt=\"A.C.O.by VIGNEAU\" srcset=\"https:\/\/acobyvigneau.com\/wp-content\/uploads\/2025\/10\/Gemini_Generated_Image_gjwvb5gjwvb5gjwv-removebg-preview.png 612w, https:\/\/acobyvigneau.com\/wp-content\/uploads\/2025\/10\/Gemini_Generated_Image_gjwvb5gjwvb5gjwv-removebg-preview-300x200.png 300w\" sizes=\"auto, (max-width: 612px) 100vw, 612px\" \/><\/a><\/div>\n\n\n<p><strong>MENTIONS L\u00c9GALES &amp; POLITIQUE DE CONFIDENTIALIT\u00c9<\/strong><\/p>\n<\/div>\n\n\n\n<p><strong>I. Mentions L\u00e9gales Obligatoires (Identification)<\/strong><\/p>\n\n\n\n<div class=\"wp-block-group is-nowrap is-layout-flex wp-container-core-group-is-layout-6c531013 wp-block-group-is-layout-flex\">\n<p>Conform\u00e9ment aux dispositions de la Loi pour la Confiance dans l&rsquo;\u00c9conomie Num\u00e9rique (LCEN), l\u2019identit\u00e9 des diff\u00e9rents intervenants dans le cadre de la r\u00e9alisation et du suivi du pr\u00e9sent site web est pr\u00e9cis\u00e9e ci-dessous :<\/p>\n<\/div>\n\n\n\n<p><strong>1. \u00c9diteur du Site<\/strong><\/p>\n\n\n\n<ul class=\"wp-block-list\">\n<li><strong>Statut Juridique :<\/strong>&nbsp;Entreprise Individuelle<\/li>\n\n\n\n<li><strong>Raison Sociale :<\/strong>&nbsp;Alpha Conseil Optimisation (A.C.O. by VIGNEAU)<\/li>\n\n\n\n<li><strong>Repr\u00e9sentant L\u00e9gal :<\/strong>&nbsp;Anthony VIGNEAU (Fondateur)<\/li>\n\n\n\n<li><strong>Adresse du Si\u00e8ge Social :<\/strong>\u00a034820 &#8211; Teyran (34)<\/li>\n\n\n\n<li><strong>Num\u00e9ro SIRET :<\/strong>&nbsp;99297074900014<\/li>\n\n\n\n<li><strong>Contact E-mail :<\/strong>&nbsp;contact@acobyvigneau.com<\/li>\n\n\n\n<li><strong>Contact T\u00e9l\u00e9phone :<\/strong>&nbsp;+33 7 52 90 12 70<\/li>\n<\/ul>\n\n\n\n<p><strong>2. H\u00e9bergement du Site<\/strong><\/p>\n\n\n\n<ul class=\"wp-block-list\">\n<li><strong>Nom de l&rsquo;H\u00e9bergeur :<\/strong>&nbsp;OVHcloud<\/li>\n\n\n\n<li><strong>Raison Sociale :<\/strong>&nbsp;OVH SAS<\/li>\n\n\n\n<li><strong>Adresse :<\/strong>&nbsp;2 rue Kellermann &#8211; 59100 Roubaix \u2013 France<\/li>\n\n\n\n<li><strong>Contact T\u00e9l\u00e9phone&nbsp;: 1007<\/strong>&nbsp;(Num\u00e9ro de t\u00e9l\u00e9phone unique)<\/li>\n<\/ul>\n\n\n\n<hr class=\"wp-block-separator has-alpha-channel-opacity\"\/>\n\n\n\n<p><strong>II. Politique de Confidentialit\u00e9 (RGPD)<\/strong><\/p>\n\n\n\n<p>La pr\u00e9sente politique a pour objectif d&rsquo;informer les utilisateurs du site sur la mani\u00e8re dont A.C.O. by VIGNEAU collecte et utilise leurs donn\u00e9es personnelles, conform\u00e9ment au R\u00e8glement G\u00e9n\u00e9ral sur la Protection des Donn\u00e9es (RGPD).<\/p>\n\n\n\n<p><strong>1. Collecte et Utilisation des Donn\u00e9es Personnelles<\/strong><\/p>\n\n\n\n<p>Nous collectons les informations que vous nous fournissez via :<\/p>\n\n\n\n<ul class=\"wp-block-list\">\n<li>Les formulaires de contact.<\/li>\n\n\n\n<li>Les commentaires (si cette fonctionnalit\u00e9 est activ\u00e9e).<\/li>\n\n\n\n<li>Toute demande d&rsquo;\u00e9tude d&rsquo;optimisation ou de partenariat.<\/li>\n<\/ul>\n\n\n\n<p><strong>Finalit\u00e9s des Traitements :<\/strong>&nbsp;Les donn\u00e9es collect\u00e9es (nom, email, t\u00e9l\u00e9phone, et nature de votre demande) sont trait\u00e9es pour la finalit\u00e9 suivante : r\u00e9pondre \u00e0 vos demandes d\u2019audit, de conseil strat\u00e9gique, et \u00e9tablir un cadre de partenariat.<\/p>\n\n\n\n<p><strong>Base L\u00e9gale du Traitement :<\/strong>&nbsp;L&rsquo;ex\u00e9cution de mesures pr\u00e9contractuelles ou l&rsquo;ex\u00e9cution d&rsquo;un contrat (pour nos clients et partenaires).<\/p>\n\n\n\n<p><strong>Confidentialit\u00e9 :<\/strong>&nbsp;Toutes les donn\u00e9es transmises sont trait\u00e9es sous un protocole strict de&nbsp;<strong>discr\u00e9tion et de confidentialit\u00e9 totale<\/strong>.<\/p>\n\n\n\n<p><strong>2. Transmission de vos Donn\u00e9es<\/strong><\/p>\n\n\n\n<p>Vos donn\u00e9es sont destin\u00e9es exclusivement \u00e0 A.C.O. by VIGNEAU. Elles ne sont jamais vendues, lou\u00e9es ou c\u00e9d\u00e9es.<\/p>\n\n\n\n<p><strong>Transmission aux Partenaires :<\/strong>&nbsp;Les donn\u00e9es sp\u00e9cifiques \u00e0 un&nbsp;<strong>dossier qualifi\u00e9<\/strong>&nbsp;ne sont transmises \u00e0 nos partenaires externes (Banque, Assurance, Juridique, etc.) qu&rsquo;<strong>apr\u00e8s avoir obtenu votre consentement explicite et \u00e9crit<\/strong>&nbsp;pour la mise en relation, et dans le cadre strict du service d&rsquo;optimisation sollicit\u00e9.<\/p>\n\n\n\n<p><strong>3. Dur\u00e9es de Conservation de vos Donn\u00e9es<\/strong><\/p>\n\n\n\n<ul class=\"wp-block-list\">\n<li><strong>Donn\u00e9es de Contact et de Prospection :<\/strong>&nbsp;Conserv\u00e9es pour la dur\u00e9e de la relation commerciale, plus&nbsp;<strong>trois (3) ans<\/strong>&nbsp;\u00e0 des fins de prospection commerciale si aucun contrat n&rsquo;a \u00e9t\u00e9 conclu.<\/li>\n\n\n\n<li><strong>Donn\u00e9es d&rsquo;Audit et de Conseil :<\/strong>&nbsp;Conserv\u00e9es pour la dur\u00e9e de la relation contractuelle, et conform\u00e9ment aux obligations l\u00e9gales et fiscales (g\u00e9n\u00e9ralement&nbsp;<strong>cinq (5) ans<\/strong>&nbsp;apr\u00e8s la fin du contrat).<\/li>\n\n\n\n<li><strong>Commentaires :<\/strong>&nbsp;Le commentaire et ses m\u00e9tadonn\u00e9es sont conserv\u00e9s ind\u00e9finiment.<\/li>\n<\/ul>\n\n\n\n<p><strong>4. Les Droits des Utilisateurs<\/strong><\/p>\n\n\n\n<p>Vous disposez des droits suivants :<\/p>\n\n\n\n<ul class=\"wp-block-list\">\n<li><strong>Droit d\u2019acc\u00e8s<\/strong>&nbsp;et de&nbsp;<strong>rectification<\/strong>&nbsp;de vos donn\u00e9es personnelles.<\/li>\n\n\n\n<li><strong>Droit \u00e0 l\u2019effacement<\/strong>&nbsp;de vos donn\u00e9es personnelles (sous r\u00e9serve des obligations l\u00e9gales de conservation).<\/li>\n\n\n\n<li><strong>Droit \u00e0 la limitation<\/strong>&nbsp;et \u00e0&nbsp;<strong>l\u2019opposition<\/strong>&nbsp;du traitement de vos donn\u00e9es.<\/li>\n\n\n\n<li><strong>Droit \u00e0 la portabilit\u00e9<\/strong>&nbsp;de vos donn\u00e9es.<\/li>\n<\/ul>\n\n\n\n<p>Pour exercer ces droits, veuillez contacter Anthony VIGNEAU \u00e0 l&rsquo;adresse&nbsp;<strong>contact@acobyvigneau.com<\/strong>.<\/p>\n\n\n\n<p><strong>5. Recours et R\u00e9clamation<\/strong><\/p>\n\n\n\n<p>Vous disposez \u00e9galement du droit d\u2019introduire une r\u00e9clamation aupr\u00e8s de l\u2019autorit\u00e9 de contr\u00f4le : la&nbsp;<strong>Commission Nationale de l\u2019Informatique et des Libert\u00e9s (CNIL)<\/strong>&nbsp;en France.<\/p>\n\n\n\n<p><strong>6. Politique de Cookies<\/strong><\/p>\n\n\n\n<p>Si vous d\u00e9posez un commentaire sur notre site, il vous sera propos\u00e9 d\u2019enregistrer votre nom, adresse e-mail et site dans des cookies. C\u2019est uniquement pour votre confort afin de ne pas avoir \u00e0 saisir ces informations si vous d\u00e9posez un autre commentaire plus tard. Ces cookies expirent au bout d\u2019un an.<\/p>\n\n\n\n<p>Si vous vous rendez sur la page de connexion, un cookie temporaire sera cr\u00e9\u00e9 afin de d\u00e9terminer si votre navigateur accepte les cookies. Il ne contient pas de donn\u00e9es personnelles et sera supprim\u00e9 automatiquement \u00e0 la fermeture de votre navigateur.<\/p>\n\n\n\n<p>Lorsque vous vous connecterez, nous mettrons en place un certain nombre de cookies pour enregistrer vos informations de connexion et vos pr\u00e9f\u00e9rences d\u2019\u00e9cran. La dur\u00e9e de vie d\u2019un cookie de connexion est de deux jours, celle d\u2019un cookie d\u2019option d\u2019\u00e9cran est d\u2019un an. Si vous cochez \u00ab&nbsp;Se souvenir de moi&nbsp;\u00bb, votre cookie de connexion sera conserv\u00e9 pendant deux semaines. Si vous vous d\u00e9connectez de votre compte, le cookie de connexion sera effac\u00e9.<\/p>\n\n\n\n<p>En modifiant ou en publiant une publication, un cookie suppl\u00e9mentaire sera enregistr\u00e9 dans votre navigateur. Ce cookie ne comprend aucune donn\u00e9e personnelle. Il indique simplement l\u2019ID de la publication que vous venez de modifier. Il expire au bout d\u2019un jour.<\/p>\n\n\n\n<hr class=\"wp-block-separator has-alpha-channel-opacity\"\/>\n\n\n\n<div class=\"wp-block-group is-vertical is-content-justification-center is-layout-flex wp-container-core-group-is-layout-838cd1cc wp-block-group-is-layout-flex\" style=\"padding-top:var(--wp--preset--spacing--40);padding-bottom:var(--wp--preset--spacing--50)\"><div class=\"is-default-size wp-block-site-logo\"><a href=\"https:\/\/acobyvigneau.com\/\" class=\"custom-logo-link\" rel=\"home\"><img loading=\"lazy\" decoding=\"async\" width=\"612\" height=\"408\" src=\"https:\/\/acobyvigneau.com\/wp-content\/uploads\/2025\/10\/Gemini_Generated_Image_gjwvb5gjwvb5gjwv-removebg-preview.png\" class=\"custom-logo\" alt=\"A.C.O.by VIGNEAU\" srcset=\"https:\/\/acobyvigneau.com\/wp-content\/uploads\/2025\/10\/Gemini_Generated_Image_gjwvb5gjwvb5gjwv-removebg-preview.png 612w, https:\/\/acobyvigneau.com\/wp-content\/uploads\/2025\/10\/Gemini_Generated_Image_gjwvb5gjwvb5gjwv-removebg-preview-300x200.png 300w\" sizes=\"auto, (max-width: 612px) 100vw, 612px\" \/><\/a><\/div>\n\n<nav class=\"has-small-font-size items-justified-center wp-block-navigation is-content-justification-center is-layout-flex wp-container-core-navigation-is-layout-a89b3969 wp-block-navigation-is-layout-flex\" aria-label=\"Clients (Particuliers, Famille, &amp; Entreprises Priv\u00e9es)\"><ul class=\"wp-block-navigation__container has-small-font-size items-justified-center wp-block-navigation has-small-font-size\"><li class=\"has-small-font-size wp-block-navigation-item wp-block-navigation-link\"><a class=\"wp-block-navigation-item__content\"  href=\"https:\/\/acobyvigneau.com\/\"><span class=\"wp-block-navigation-item__label\"><mark style=\"color:#b8860b\" class=\"has-inline-color\">Accueil<\/mark><\/span><\/a><\/li><li class=\"has-small-font-size wp-block-navigation-item wp-block-navigation-link\"><a class=\"wp-block-navigation-item__content\"  href=\"https:\/\/acobyvigneau.com\/index.php\/clients-particuliers-familles-entreprises-privees\/\"><span class=\"wp-block-navigation-item__label\"><mark style=\"color:#b8860b\" class=\"has-inline-color\">Clients (Particuliers)<\/mark><\/span><\/a><\/li><li class=\"has-small-font-size wp-block-navigation-item wp-block-navigation-link\"><a class=\"wp-block-navigation-item__content\"  href=\"https:\/\/acobyvigneau.com\/index.php\/pole-entreprises-soutien-operationnel-strategique\/\"><span class=\"wp-block-navigation-item__label\"><mark style=\"color:#b8860b\" class=\"has-inline-color\">P\u00f4le Entreprises<\/mark><\/span><\/a><\/li><li class=\"has-small-font-size wp-block-navigation-item wp-block-navigation-link\"><a class=\"wp-block-navigation-item__content\"  href=\"https:\/\/acobyvigneau.com\/index.php\/partenaires-apport-daffaires\/\"><span class=\"wp-block-navigation-item__label\"><mark style=\"color:#b8860b\" class=\"has-inline-color\">Partenaires (Apport d\u2019Affaires)<\/mark><\/span><\/a><\/li><li class=\"has-small-font-size wp-block-navigation-item wp-block-navigation-link\"><a class=\"wp-block-navigation-item__content\"  href=\"https:\/\/acobyvigneau.com\/index.php\/mentions-legales-politique-de-confidentialite\/\"><span class=\"wp-block-navigation-item__label\"><mark style=\"color:#b8860b\" class=\"has-inline-color\">Mentions L\u00e9gales &amp; Politique de Confidentialit\u00e9<\/mark><\/span><\/a><\/li><li class=\"has-small-font-size wp-block-navigation-item wp-block-navigation-link\"><a class=\"wp-block-navigation-item__content\"  href=\"https:\/\/acobyvigneau.com\/index.php\/parcours-fondateur\/\"><span class=\"wp-block-navigation-item__label\"><mark style=\"color:#b8860b\" class=\"has-inline-color\">Parcours Fondateur<\/mark><\/span><\/a><\/li><li class=\"has-small-font-size wp-block-navigation-item wp-block-navigation-link\"><a class=\"wp-block-navigation-item__content\"  href=\"https:\/\/acobyvigneau.com\/index.php\/contacts-informations\/\"><span class=\"wp-block-navigation-item__label\"><mark style=\"color:#b8860b\" class=\"has-inline-color\">Contacts &amp; Informations<\/mark><\/span><\/a><\/li><\/ul><\/nav>\n\n\n<p class=\"has-text-align-center has-secondary-color has-text-color has-link-color has-small-font-size wp-elements-899aae734cfe97fcc05e798787614bdd\"><a href=\"https:\/\/fr.wordpress.org\" rel=\"nofollow\"><mark style=\"background-color:rgba(0, 0, 0, 0)\" class=\"has-inline-color has-base-2-color\">\u00a9 2025 A.C.O. by VIGNEAU | Tous droits r\u00e9serv\u00e9s.<\/mark><\/a><\/p>\n<\/div>\n","protected":false},"excerpt":{"rendered":"<p>MENTIONS L\u00c9GALES &amp; POLITIQUE DE CONFIDENTIALIT\u00c9 I. Mentions L\u00e9gales Obligatoires (Identification) Conform\u00e9ment aux dispositions de la Loi pour la Confiance dans l&rsquo;\u00c9conomie Num\u00e9rique (LCEN), l\u2019identit\u00e9 des diff\u00e9rents intervenants dans le cadre de la r\u00e9alisation et du suivi du pr\u00e9sent site web est pr\u00e9cis\u00e9e ci-dessous : 1. \u00c9diteur du Site 2. H\u00e9bergement du Site II. Politique [&hellip;]<\/p>\n","protected":false},"author":1,"featured_media":0,"parent":0,"menu_order":0,"comment_status":"closed","ping_status":"closed","template":"","meta":{"footnotes":""},"class_list":["post-84","page","type-page","status-publish","hentry"],"_links":{"self":[{"href":"https:\/\/acobyvigneau.com\/index.php\/wp-json\/wp\/v2\/pages\/84","targetHints":{"allow":["GET"]}}],"collection":[{"href":"https:\/\/acobyvigneau.com\/index.php\/wp-json\/wp\/v2\/pages"}],"about":[{"href":"https:\/\/acobyvigneau.com\/index.php\/wp-json\/wp\/v2\/types\/page"}],"author":[{"embeddable":true,"href":"https:\/\/acobyvigneau.com\/index.php\/wp-json\/wp\/v2\/users\/1"}],"replies":[{"embeddable":true,"href":"https:\/\/acobyvigneau.com\/index.php\/wp-json\/wp\/v2\/comments?post=84"}],"version-history":[{"count":7,"href":"https:\/\/acobyvigneau.com\/index.php\/wp-json\/wp\/v2\/pages\/84\/revisions"}],"predecessor-version":[{"id":360,"href":"https:\/\/acobyvigneau.com\/index.php\/wp-json\/wp\/v2\/pages\/84\/revisions\/360"}],"wp:attachment":[{"href":"https:\/\/acobyvigneau.com\/index.php\/wp-json\/wp\/v2\/media?parent=84"}],"curies":[{"name":"wp","href":"https:\/\/api.w.org\/{rel}","templated":true}]}}